 (-2 - 0) + 6 + 41 + -39. Let c(a) = a. Let s(f) = 2*f**2 - 2*f + 4. Let p(r) = d*c(r) + s(r). What is p(-2)?
4
Let a(l) = 30*l**2 + 21*l**2 - 7 + 22*l**2 - 6*l - 119*l**2 + 47*l**2. Give a(4).
-15
Let b(h) = 595*h + 7136. Let c be b(-12). Let m(s) = 21*s + 84. Determine m(c).
0
Let n be 0/(-5) - (1 + 0). Let p(o) be the second derivative of -48 + o + 1/2*o**2 + 1/4*o**5 + 0*o**3 - 1/6*o**4. What is p(n)?
-6
Let j(q) = 7*q**3 - q**2. Suppose 8*w = 62 - 6. Suppose -2*o = 4*d - 5*d + w, 20 = -5*o + 3*d. Let c be j(o). Let u(b) = b**3 + 8*b**2 - b + 2. Determine u(c).
10
Suppose -2*r - 6 = 5*p, r + 7 - 26 = 3*p. Let v(o) = 5*o - 4 + r - 5*o**2 - o**3 + o + 6. Calculate v(-6).
9
Let a(q) = q**3 + 5*q**2 - 6*q + 3. Let r be (3 - (-216)/(-40))/((-4)/10). Let p(f) = f**3 - 37*f. Let z be p(r). Give a(z).
3
Let z(d) = -23*d + 109. Suppose 37*w - 74*w = -34*w - 15. What is z(w)?
-6
Let t(m) = -4*m**3 + 5*m**2 + 7. Suppose -3*a - 15 = -4*r, 5*a + r + 19 = -6. Let w(s) = -5*s**3 + 6*s**2 + 8. Let i(k) = a*w(k) + 6*t(k). Give i(0).
2
Let b(p) = -2*p**2 + p + 2. Let h(r) = 7*r**2. Let n(x) = -4*b(x) - h(x). Let c(v) = -v**2 + 3*v + 9. Let s(g) = 4*c(g) + 5*n(g). Give s(8).
-4
Let z(i) = i**3 - 9*i + 14. Let w be 34/(-1904)*16 + (-32)/(-14). Determine z(w).
4
Let q(h) = 10 + 7 + h - 4. Suppose 0 = 25*y - 24*y. Suppose y*d - 99 = 9*d. Determine q(d).
2
Let k(t) = 2*t**2 + 77*t + 113. Let p be k(-37). Suppose -19*m = -18*m + c - 5, -c = -p. Let a(r) = -r + 7. Give a(m).
4
Let o(f) = f + 10. Let d(c) = 3*c**2 + 17*c + 33. Let q be d(-6). Suppose -q = -r + 14*r. Determine o(r).
7
Suppose -4*o - 28 = i - 46, -4*i - 4*o + 48 = 0. Let n(d) = -2*d**3 + 19*d**2 + 11*d - 3. Calculate n(i).
7
Let r(m) = m - 7. Let z(b) = -b - 18. Let t(p) = -5*p - 53. Let y(w) = 2*t(w) - 7*z(w). Let o(s) = -11*r(s) - 4*y(s). What is o(5)?
2
Let n = -61 + 57. Let k be (-3 - 28/n) + -8. Let x(u) = 3*u - 1 + 0 + 7 - 3. What is x(k)?
-9
Suppose 5*d = -k + 9 - 12, 3*k = 5*d + 11. Let j(y) = 38*y - 25*y - y**k - 1 - 5*y. Calculate j(8).
-1
Let b(g) = g**3 - 5*g**2 + 5*g - 15. Let n be (-3)/(9*8/(-24)) + 4. Calculate b(n).
10
Let x(j) = -j**3 + 6*j**2 - 9*j + 2. Let a be (-68)/(-204)*12/4. Calculate x(a).
-2
Let z(j) = -3*j - 10. Suppose g = -h + 6, 4*h - 15 - 1 = 0. Suppose -w - 18 = 5*o, -g*w = -12*o + 13*o. Give z(o).
2
Suppose -4*q - 708 = 4*o, 8*o + q = 5*o - 521. Let w = o + 162. Let p(l) = l - 12. Give p(w).
-22
Let w(q) = q**2 + 4*q + 1. Suppose 16*r + 0*r - 64 = 0. Suppose -2*y + 7*l + 32 = 3*l, -86 = -5*y + 4*l. Suppose 0 = r*k + y - 2. Determine w(k).
1
Let y = 39 - 225. Let u = y + 179. Let n(x) = 3*x - 10. What is n(u)?
-31
Let u(d) = 3*d + 16 + 5*d - d - 5*d. Let a be u(-8). Let v(w) = 2*w - 3*w + 0*w - 11. Calculate v(a).
-11
Let v(m) = m**2 + m - 20. Suppose 0 = -2*c - 3*s - 27, 8*c - 4*c + 5*s = -49. Determine v(c).
10
Let u(p) = -54*p + 142. Let l(m) = -19*m + 47. Let q(v) = 11*l(v) - 4*u(v). Give q(18).
75
Let m(l) be the second derivative of -l**7/2520 + l**6/90 - l**5/24 - l**4/2 - l**3/6 + 2*l - 12. Let o(k) be the third derivative of m(k). Give o(5).
10
Suppose -25*a - 650 = -35*a. Let x(r) = 130 + 7*r + 5*r**3 - 4*r**3 - 63 - a - 7*r**2. Give x(6).
8
Let n(c) = -2*c**2 - 18*c - 10. Let t(m) = 222*m - 6224. Let l be t(28). Determine n(l).
6
Let v(f) = f**3 - 21*f**2 + 20*f + 27. Suppose -5*y - 4*o + 104 = 0, 2*y - 96*o = -93*o + 37. Give v(y).
27
Let j(l) = -l**2 + 15*l - 24. Let k be j(13). Let a(c) = 9*c + 1. What is a(k)?
19
Let y(k) = 5*k - 22. Let l = 4338 - 4334. Determine y(l).
-2
Let p = -6276 - -6264. Let f(g) = -g**3 - 12*g**2 + g + 3. Calculate f(p).
-9
Let p(n) be the second derivative of n**5/20 + n**4/6 + 3*n**2/2 + 1032*n. Give p(-3).
-6
Let p be 1012/(-10) + -8*8/(-320). Let g = 104 + p. Let y(t) = -t**2 + 3*t + 3. Let s(f) = 3*f**2 - 9*f - 9. Let w(d) = 4*s(d) + 11*y(d). Calculate w(g).
-3
Let w(f) be the first derivative of 7/6*f**3 - 1/24*f**4 - 7 + 0*f - 1/60*f**5 - 9/2*f**2. Let v(j) be the second derivative of w(j). Determine v(0).
7
Let l(s) = -11*s**3 + 20*s**2 + 15*s - 66. Let d(h) = -5*h**3 + 8*h**2 + 6*h - 33. Let x(y) = -9*d(y) + 4*l(y). Give x(-7).
40
Let f(z) = 2*z**2 - 2*z - 347. Let q(r) = -16*r**2 + 15*r + 2773. Let v(t) = 47*f(t) + 6*q(t). Calculate v(12).
-7
Let y(n) = -n**2 - 6*n + 16. Suppose -332*k = -331*k - g + 9, -3*g - 13 = 2*k. Calculate y(k).
0
Let k = 19 + -38. Suppose 0 = 5*p - 4*o + 120, -11*p - 66 - 159 = -o. Let l = k - p. Let a(h) = -4*h + 1. Calculate a(l).
-3
Let s(x) = -5*x**3 + 3*x**2 - 12*x - 11. Let m be -2*11/8*2*-2. Let i(p) = 23 + 10*p + 10*p - 6*p**2 + m*p**3 + 5*p. Let r(b) = -6*i(b) - 13*s(b). Give r(-4).
-3
Let h = -14035 + 14035. Let o(t) = -3*t**3 + t**2 - 4*t + 22. Let b(d) = -4*d**3 + d**2 - 5*d + 21. Let k(p) = 4*b(p) - 5*o(p). Determine k(h).
-26
Suppose 90 = 2*v + 3*v - t, 0 = -5*t. Let h be 1/(30/5) - 75/v. Let w(y) = y**3 + 3*y**2 - 6*y - 4. Determine w(h).
4
Let f(l) = 22*l**2 - l. Let s be f(-1). Let m = -240 + 264. Let p = s - m. Let n(q) = -3*q**3 + q**2 + q. Determine n(p).
3
Suppose 7*a - 16 + 2 = 0. Let d(m) = 5*m**2 + 1 + a*m**2 - m**2 - 5*m**2. Let f(x) = x**3 - 15*x**2 - 14*x - 32. Let n be f(16). Give d(n).
1
Let h(z) be the first derivative of -2*z**4 - z**2/2 - z - 71. Let t = -77 - -76. Give h(t).
8
Let v(t) = 7*t**3 + 42*t**2 - 3. Suppose -5*m + 17*m + 30 = 7*m. What is v(m)?
-3
Let i(h) = -10*h**3 - 3*h**2 + 4*h + 2. Let r = 20972 - 20970. Calculate i(r).
-82
Let o(f) = -f + 12. Let b(s) = -16*s + 14. Let p(r) = -b(r) + 5*o(r). What is p(-8)?
-42
Suppose 16*q - 20*q + 3*j - 4 = 0, 4*j = -3*q + 22. Let l(k) = -k**3 + k + 6*k**2 + 19*k**2 - 29*k**2 + 0*k**3 + q. Calculate l(-2).
-8
Suppose 6*q - 3*q = -5*m + 33, 0 = -2*q + 2. Let j(g) = m*g - 17*g - 8 + 2*g**3 - 11*g**2 - 3*g**3. Let x be j(-10). Let a(o) = 2*o**2 - o + 2. What is a(x)?
8
Let b(u) = -44 - 69 + 189 - 12*u - 12*u + 2*u**2 - 70. Determine b(10).
-34
Let i(v) be the third derivative of -233*v**2 - 2/3*v**4 - 41/6*v**3 + 0*v + 0 + 1/60*v**5. Give i(18).
-5
Suppose -7*i - 55 + 97 = 0. Let s(o) = o**3 - 8*o**2 + 8*o + 26. Give s(i).
2
Let p(k) be the second derivative of k**5/5 - k**4/6 - k**3/6 - k**2/2 - 708*k. What is p(-1)?
-6
Let p = 47 + -342. Let j = p + 298. Let y(m) = m**3 - 3*m**2 - 5*m + 4. Give y(j).
-11
Let y(j) = -4*j**2 - 3*j + 3. Let o(n) = -7*n + 96. Let l be o(-21). Suppose l*t = 239*t + 4. Determine y(t).
-4
Let u(a) = 26*a**2 + 165*a + 26. Let b(q) = 6*q**2 + 40*q + 7. Let k(m) = 9*b(m) - 2*u(m). Calculate k(-15).
11
Let j(z) = -3*z - 30. Let a = 1187 + -1203. Determine j(a).
18
Let u(a) be the second derivative of a**5/20 + 29*a**4/12 + a**3/6 + 25*a**2/2 + 9660*a. Determine u(-29).
-4
Let r(l) = 5*l**2 + 19*l - 31. Let n be r(-5). Let c(b) = -9*b**2 - 11*b - 9. What is c(n)?
-7
Let g(p) = 28*p**2 + 1. Let o be (2/(-4))/((-57)/114). Calculate g(o).
29
Let x be -38 - (58/(-18) - (-24)/108). Let v = 37 + x. Let a(s) = -v*s + 1 + 3*s + 3*s - s**2 + 1. Give a(5).
-3
Let g(z) = -2*z + 9. Let o = 1804 - 1815. Determine g(o).
31
Let w(h) = -12*h**2 - h. Let j be ((-24)/(-20))/(2/10). Let n(p) = p**2 - 8*p + 10. Let v be n(j). Let f be (5/(-10))/(v/(-4)). Give w(f).
-11
Let s(j) be the second derivative of -j**5/20 + j**3/2 + 2*j**2 + 10*j. Let m(f) = 4*f - 2*f**2 - 3 - 5*f - 6 - 10*f. Let a be m(-4). Give s(a).
-14
Let f(j) = -j - 4*j - 9 + 3*j + 3*j. Let b(u) = u**2 + u - 23. Let p(m) = m**2 - 22. Let c(z) = -6*b(z) + 7*p(z). Let v be c(9). Give f(v).
2
Let z(d) = d**2 + 8*d - 6. Let l = 4 - 0. Let s = 144 + -139. Suppose s*w + 8 = l*w. Give z(w).
-6
Let n(g) = -g**2 + 9*g + 65. Suppose 267*j - 139*j = 85*j - 215. What is n(j)?
-5
Let r(n) = n**3 + 4*n**2 - 7*n - 7. Let d be (2/2)/(19/57). Let b be 147/(-14) - (d/2 - 2). Let x be 1 + ((-12)/b)/(2/(-10)). Calculate r(x).
3
Suppose 65*x = 41 + 154. Let c(n) = -2*n**3 + n**2 - n - 1. What is c(x)?
-49
Let w(t) = 2*t - 5. Let c = -107 - -111. Let p be (c/6)/(8/48). Determine w(p).
3
Let k(r) = 2*r**2 + 7 + r**3 - 17 - r**2 - 2*r + 6. Let t(j) = -j**2 - 8*j. Let d be t(-8). Suppose d = n - 2 + 5. Give k(n).
-16
Suppose 183 + 47 = -42*n - 4*n. Let w(k) = -2*k + 15. What is w(n)?
25
Let z(r) = -5*r**2 - 1251*r - 9676. Let l be z(-8). Let j(d) = -d**2 + d - 1. Le